-2*y**x + 6*y - 5*y**2 + 2*y**2 + y**2 + 4 + 3*y**2. Suppose 5 = -3*t + 26. Give u(t).
-3
Suppose -122*u + 119*u = -4*l + 59, -4*l + 50 = -2*u. Let j(b) be the second derivative of -b**4/12 + 7*b**3/6 + 4*b**2 + b. Determine j(l).
0
Let z = 5 - -3. Let m(v) = v**2 + 117*v - 31 + 31 - 126*v. Calculate m(z).
-8
Let s(g) = 8*g - 3. Let o = 5435 - 5440. Determine s(o).
-43
Let m = -4070 + 4072. Let l(c) = -c - 6. Give l(m).
-8
Let b(k) = -21*k**2 - 6*k**2 - 26*k**2 - 32*k - 2*k**3 + 7*k + 16. What is b(-26)?
-10
Let a(q) = 3*q + 12 + 4 - 15*q**2 + q**3 - 4*q. Let c(r) = -3*r**2 + 84*r + 15. Let x be c(28). Let d be a(x). Let f(z) = -2*z**3 - z**2 + 1. What is f(d)?
-2
Let h(f) = f**2 - 8*f + 5. Let v = -7 - -7. Suppose 7*w - 24 - 25 = v. What is h(w)?
-2
Suppose -4*p + 3*s + 39 = 0, 5*p + 5*s - 4*s - 63 = 0. Suppose 3*a - 12 = 4*u - u, u + p = 5*a. Let d(i) = 2 - 1 - 14*i + 0*i + 17*i + 1. Determine d(u).
-4
Suppose 1 - 11 = -5*n, -2*o - 2*n + 24 = 0. Let m(v) = v**2 - 10*v - 16. What is m(o)?
-16
Let a(x) = -x + 3. Let n(c) = c**2 + 15*c + 18. Let h = 16 + -14. Suppose 2*u + 2 = u, -w - 18 = h*u. Let q be n(w). Calculate a(q).
-1
Let w be (-55 - -52)*(14/(-10) - (-8)/20). Let d(o) = 10*o + 5. Calculate d(w).
35
Let d(y) = 2*y**2 - 39. Let l(s) = s**3 - 4*s**2 - 7*s + 28. Let j(c) = -d(c) - l(c). What is j(-2)?
13
Let n(o) be the first derivative of -o**4/12 - 5*o**3/6 - 21*o**2/2 + 24. Let c(g) be the second derivative of n(g). Let i = 13 + -18. What is c(i)?
5
Let b(p) = 3*p**2 - 2*p + 2. Let u(c) = 10*c**2 - 7*c + 6. Let i(g) = 7*b(g) - 2*u(g). Let w(r) = r**2 + 15*r - 31. Let y be w(-17). What is i(y)?
11
Let g(f) = -f. Suppose -x = -5*x + d + 1047, -5*x - 5*d = -1315. Let c = 260 - x. Give g(c).
2
Suppose -c - 4*s = 28, -3*c + 28 = -63*s + 61*s. Let q(f) be the third derivative of 0*f + 0 - 1/3*f**3 - 1/24*f**c - 32*f**2. Give q(2).
-4
Suppose 3*c = -2*z, -5*c + 4*c - 21*z = -22*z. Let r(k) = k**3 - 3*k + 8. What is r(c)?
8
Suppose -130*y = -126*y - 4. Let q(d) = 2 + 284*d + y + 283*d - 568*d. Give q(2).
1
Let w(q) be the third derivative of -1/6*q**3 + 1/24*q**4 + 0 + 0*q - 69*q**2 + 1/5*q**5. Calculate w(1).
12
Let y(k) be the first derivative of 51 + 0*k**3 - k + k**2 + 5/2*k**4. What is y(1)?
11
Let t(z) = -z + 28. Let a(p) = -p**2 - 15*p - 28. Let k(u) = a(u) + 2*t(u). What is k(-16)?
44
Suppose 0 = -8*m + 7*m + 7. Let w(a) = 6*a + 87431*a**3 - 3*a**2 - 5*a**2 - 87430*a**3 + 11. Give w(m).
4
Let n(d) = d**2 - 22*d - 137. Let l(b) = b**2 + 5*b - 57. Let m be l(-12). Give n(m).
-2
Let i(s) = 5*s - 1. Let a(p) = -9*p + 1. Let g = -181 - -185. Let z(f) = g*a(f) + 7*i(f). What is z(-4)?
1
Let y = -18 + -26. Let a be 6/5*(-10)/4 - y. Suppose 0 = 43*t - a*t - 6. Let q(k) = -4*k + 2. Give q(t).
-10
Suppose 35*b = 27*b + 120. Suppose -4*w - w = 15, -b = 3*k - 4*w. Let o(z) be the third derivative of -z**6/120 - z**5/6 - z**4/3 + z**3 - 2*z**2. What is o(k)?
-3
Let r(q) = -5*q**3 + 14*q**2 - 24*q + 33. Let z(w) = -6*w**3 + 15*w**2 - 25*w + 35. Let d(y) = 7*r(y) - 6*z(y). What is d(-10)?
1
Let c(w) = -2547*w - 143 + 2479*w + 108 - 5*w**2. Calculate c(-13).
4
Let n(o) = -44*o**3 - 7 - 7 - 7 + 43*o**3 - 9*o**2 + 27 - 9*o. Determine n(-9).
87
Suppose -10*r = -2*v - 6*r + 40, 5*r + 55 = 3*v. Let s(u) = 1 - 551*u**2 + 550*u**2 - 4*u + v*u. What is s(6)?
1
Let y(d) = -2*d**2 - 11*d - 14. Let a(b) = -b**2 - 3*b. Let r(p) = -a(p) + y(p). Determine r(-4).
2
Let v be (-2)/14 + 20/(-7). Let b be ((-3)/6)/(1/(-6))*v. Let a be (b/2 + 12/3)*0. Let w(g) = g - 2. Give w(a).
-2
Let m(h) = 400*h + 4. Let k(z) = 310*z + 3. Let s(p) = 31*k(p) - 24*m(p). Let x(l) = -4*l - 1. Let n be x(-1). Give s(n).
27
Let w(s) = s**3 - s - 1. Suppose 0*i + 310 = -2*i - 4*u, -4*u - 147 = i. Let q = i - -163. Calculate w(q).
-1
Let z(y) = -3*y**3 + 2*y**2 + 5*y + 1. Let q be z(-1). Let r(p) = -71*p**3 + 3*p**2 - 2. Calculate r(q).
-70
Let j(y) = y**2 - 15*y - 17. Let n be 92/6 + 4/6. Let w be j(n). Let i = w - -4. Let c(u) = u**2 - u + 1. Calculate c(i).
7
Let t(r) = -r**3 - 33*r**2 + 189*r - 36. Let b be t(-38). Let s(d) = -7*d + 5. Let q(l) = l**2 - 20*l + 14. Let w(h) = 3*q(h) - 8*s(h). Calculate w(b).
6
Let j(h) = h. Suppose 0 = 7*f + 4 - 11. Let m = 3 + f. Suppose -q - 8 = -2*p, m*q - 23 + 0 = -3*p. Determine j(q).
2
Let h(n) = -n**3 + 38*n**2 + 79*n + 42. Let v = 32745 - 32705. Give h(v).
2
Let q(d) = 7*d**2 - 22 + 10*d - 8*d**2 + 5 + 0. Determine q(8).
-1
Let f(x) = 5*x - 446 - 2*x + x**2 + 439. Let j be f(-5). Let k(g) be the third derivative of g**6/120 - g**5/15 + g**4/12 + g**3/2 + 12*g**2. Determine k(j).
0
Let a(w) = 7*w + 3. Let j(o) = o**2 - 5*o - 22. Let d be j(8). Suppose -54 + 42 = -d*l. Suppose -18 = l*r + 6. Determine a(r).
-25
Let c(j) = 12*j - 17. Let p be 30/195 - 37/(-13). Determine c(p).
19
Let q = 1 + -8. Let o(t) = 15*t**3 - 3 - 14*t**3 + 3034*t**2 - 3026*t**2 + 8*t. Give o(q).
-10
Suppose -27 = 19*f + 8*f. Let s(i) = -4*i**2 - 4*i - 5. Determine s(f).
-5
Let g(r) = r**3 + r**2 - r + 6. Let u be g(-2). Let k(q) = -q**3 + 7*q**2 - 13*q + 3. Let j be k(u). Let b(c) = 4*c - 1. What is b(j)?
-5
Let a = -34173 - -512596/15. Let t(i) be the third derivative of -a*i**5 - 3/8*i**4 + 0*i + 0 + 34*i**2 + 5/6*i**3 + 1/120*i**6. Give t(6).
23
Suppose -s = -4*u - 64 + 65, -4*u = -5*s - 21. Let j(r) = -8*r - 4. Let v(m) = -3 - 3*m + m - 5*m. Let k(f) = -4*j(f) + 5*v(f). What is k(u)?
4
Let b = -14680 + 14664. Let h(k) = 3*k + 42. Determine h(b).
-6
Let b(y) = 4*y - 5. Let t(d) = -4*d + 24. Let r be t(12). Let g be (1 + 2)/(r/(-32)). Determine b(g).
11
Suppose 92*l - 89*l = -18. Suppose -3*w + 6 + 3 = 0. Let p(r) = -31*r - w + 12*r + 18*r. Give p(l).
3
Let u(s) = -48*s - 133. Let p(k) = -26*k**3 + 233*k**2 + 12*k - 30. Let l be p(9). Determine u(l).
11
Let u(m) = 11002 - 10966 - m**2 + m**2 + 18*m - 3*m**2. Calculate u(-2).
-12
Let w be (-8)/((-32)/(-28)) - -132. Suppose -2*d + 600 = -5*m, 4*d + 120 = -m - d. Let n = w + m. Let o(f) = f**3 - 6*f**2 + 5*f + 6. Give o(n).
6
Let y(d) = 23*d**3 - 18*d**2 - 14*d + 2. Let f(n) = 51*n**3 - 37*n**2 - 31*n + 5. Let t(z) = -4*f(z) + 9*y(z). Determine t(5).
13
Let n = 16 + -9. Let j = 9903 - 9899. Let q be 7 + (j - n) - 8/2. Let t(z) = -z - 9. Calculate t(q).
-9
Suppose 62*p - 140 + 450 = 0. Let g(f) = -11*f - 20. What is g(p)?
35
Let c be ((45/(-6))/3)/((-17)/(-68)). Let j(n) = 28*n + 281. Determine j(c).
1
Suppose 5*p + 23 = 78. Let m(z) = -11*z**2 + z**3 + 7*z - 6 + 15*z**2 + p. Give m(-4).
-23
Suppose 89 = 3*w + 119. Let a(b) = -7*b - 10*b**2 + 23*b**2 + 3 - 14*b**2 - 4*b. Calculate a(w).
13
Suppose 5*c = -50 - 40. Let q = -18 - c. Let u(f) = 2 - 4 - f + 12*f**2 + q + 3. What is u(1)?
12
Let t(k) = 6*k**2 - 2*k. Let m be t(-1). Let h(w) = 4 - 16*w**3 - 4*w**2 + m*w**3 + w - 2*w + 9*w**3. What is h(4)?
0
Let k = 46376 + -46372. Let p(f) = -35 + 10 + 16 + 3*f. What is p(k)?
3
Let p = -305 + 305. Let z(b) be the second derivative of p + 1/12*b**4 - 5*b**2 + b**3 - 10*b. Determine z(-8).
6
Let b(g) = -145*g**2 + 447*g**2 - 4*g + 85 - 13 - 151*g**2 - 153*g**2. Calculate b(5).
2
Let f be -9*(22/(-26) - (-6)/(-39)). Let o(p) = -p + f*p**3 - 10*p**3 + 3*p. What is o(2)?
-4
Suppose 116 = 20*g + 36. Let h be ((-2)/g)/((-45)/(-180)). Let n(s) = 9*s + 2. Determine n(h).
-16
Suppose -74*f - 30 = -80*f. Let q(d) = -39*d + 4 + 5*d**2 - f*d**3 + 47*d + 4*d**3. Determine q(6).
16
Let u(t) = 10*t**3 + t**2 - 1. Let b be 10588/18 + 6 + 168/(-27). Suppose c + 3*d + b = -3*c, -5*c - 758 = -2*d. Let f be 10/(-8) - (c/24 + 6). What is u(f)?
-10
Let l(q) = -3*q + 1. Let f = 287 + -285. Suppose 2*g - 4*s = -f*s + 12, 3*s + 30 = 5*g. Determine l(g).
-17
Suppose -5*n = 3*o + 3, 60*n - 64*n = -3*o + 24. Let k(l) be the first derivative of l**3/3 - 3*l**2/2 + 2*l - 31. Give k(o).
6
Let r(z) be the first derivative of -z**4/2 - 5*z**3/3 + 2*z + 3376. What is r(-2)?
-2
Let p(k) = k**3 + 3*k**3 - 6*k**3 + 1 - 2. Let g(v) = 3*v**2 + 1. Let z be 0/(4/(-4 + 0)). Let b be g(z). Give p(b).
-3
Let b(i) be the second derivative of -1/4*i**4 + 1/60*i**5 + 9*i**2 + 2*i - 5/6*i**3 + 0. Let a(d) be the first derivative of b(d). Calculate a(6).
-5
Let o(m) = -2*m**2 + 2*m. Let q(g) = -3*g**3 - 14*g**2 + 17*g - 2. Let r(d) = 7*o(d) - q(d). Determine r(3).
74
Let r(w) =